2
Let j be (-16)/((-64)/1140) + 5. What is the greatest common factor of j and 30?
10
Let s be 45956/30 - (-12)/90. Suppose 5*k - s = 1498. Suppose -k = -5*m + 3*r, -75 = -m - 4*r + 37. Calculate the greatest common factor of m and 48.
24
Suppose -3*s + 75 = 5*d, -31 = -2*d - 4*s + 3*s. Let f = d + -16. Suppose 3*z = j - 14, -j + 70 = 4*j - 3*z. Calculate the greatest common divisor of f and j.
2
Suppose -5*d - 5*h = -0*h - 80, 0 = -4*d + 3*h + 57. What is the greatest common divisor of 15 and d?
15
Let j(o) be the third derivative of o**5/60 - o**4/4 - 2*o**3/3 + 4*o**2. Let x be j(7). Let y be (-3 + 18/x)*1. Calculate the highest common factor of 6 and y.
3
Let r be (-3)/2*(-14)/(-21)*-4. Let x be -71*r/(-6) - 6/(-9). Calculate the highest common divisor of 120 and x.
24
Let w(a) = -9*a. Let h be w(-1). Let r(x) = -2*x**3 - 2*x**2 + x - 6. Let z be r(-3). Let n be (10/3)/(2/z). What is the highest common divisor of n and h?
9
Let j = -100 + 224. Suppose 0 = -3*g + 740 + j. Calculate the greatest common factor of 36 and g.
36
Suppose -15 = 5*m + 2*f - 5*f, -2*m - 6 = 4*f. Let l be m/5 - (-489)/15. Calculate the highest common divisor of l and 80.
16
Suppose 0*i - 88 = -4*i. Let y be (34 - 20) + -2*(-3)/(-2). What is the greatest common factor of i and y?
11
Suppose -u + 2 = -2*v - 0, 3*u - 3*v - 6 = 0. Suppose -u*r + 33 + 7 = 0. What is the greatest common divisor of 140 and r?
20
Let c = -3 + 8. Let o be (-36)/(-42)*(-2 - c). Let w = o - -9. What is the greatest common factor of w and 1?
1
Let i(z) = z**3 + 19*z**2 + 17*z - 22. Let h be i(-18). Let x be (0 - -4) + (h - -5). What is the highest common factor of x and 30?
5
Let m be (-46 - -44)/((-1)/60). Calculate the greatest common factor of 40 and m.
40
Let w = 531 + -485. Calculate the highest common divisor of 115 and w.
23
Let z be 8/(-3)*36/(-16). Calculate the highest common factor of z and 27.
3
Let q = 611 + -608. What is the greatest common divisor of 27 and q?
3
Suppose 4*d + 0 - 2 = -2*q, 32 = 5*q + d. Suppose 160 = q*t + t. Calculate the greatest common divisor of t and 5.
5
Let h be (-32)/(((-78)/9)/13). What is the highest common factor of 6 and h?
6
Suppose 0*y = 5*y + 2*r - 20, 3*r - 13 = y. Let c be (18/(-8))/(y/(-1*32)). Calculate the highest common divisor of 9 and c.
9
Suppose 4*w - 3*w + 5*b - 65 = 0, -3*b = 3*w - 135. What is the greatest common divisor of w and 430?
10
Suppose -235*w + 222*w + 845 = 0. What is the greatest common divisor of 1755 and w?
65
Let g be (-2684)/(-122) + 1*-14. Let q be 244/10 - (-4)/(-10). What is the greatest common divisor of g and q?
8
Suppose 0 = 5*h + z - 0*z - 97, 4*h - 72 = 2*z. Let v be (0 - -38)/((-18)/9). Let o be (v/3)/((-1)/(2 + 7)). Calculate the greatest common factor of o and h.
19
Let z be 6/(-12) - (-10)/(-4). Let w be (-37)/z + 10/(-30). Let s be 3 - 5/(10/(-186)). What is the greatest common factor of s and w?
12
Let h be (-4 + 3)/(-5 + (-1107)/(-222)). Calculate the highest common divisor of h and 2.
2
Let q = 8 + -17. Let v(h) = -18*h + 36. Let b be v(q). What is the greatest common divisor of 22 and b?
22
Let i(o) be the first derivative of -o**4/4 + 16*o**3/3 + 8*o**2 + 28*o - 23. Let g be i(17). Calculate the greatest common factor of 88 and g.
11
Let f = 27 - -12. Let v = f - 9. Suppose -3*m + 21 = 3*b, -5*b + 3*m - 21 = -96. What is the greatest common factor of b and v?
6
Let m = -197 - -226. What is the greatest common factor of m and 464?
29
Let p(i) = -i**3 + 8*i**2 - 16*i + 17. Let t be p(6). Let s = 18 - t. What is the greatest common divisor of 200 and s?
25
Let z be (-748)/(-33)*18/4 - 3. What is the highest common factor of z and 45?
9
Suppose 6*t = 8*t - 72. What is the highest common divisor of t and 8?
4
Suppose 2*b = b + 330. Let n = 45 - 15. What is the greatest common divisor of b and n?
30
Let a(r) = -r**2 - 9*r + 3. Let l be a(-15). Let w be l/(-15) - 4/5. What is the greatest common divisor of w and 55?
5
Let b be ((-20)/25)/((-6)/(-15)). Let l = b - -5. Suppose l*t + 2*h - 130 = 4*h, -215 = -5*t + 5*h. Calculate the greatest common divisor of t and 11.
11
Let w = 26 + 26. Let a = 2654 + -2524. What is the greatest common factor of a and w?
26
Let w = -82 + 148. Let a(c) = -c**3 - 50*c**2 - 98*c - 90. Let n be a(-48). What is the greatest common factor of n and w?
6
Suppose 4*q = -5 - 7. Let x(k) = -k**3 - 2*k**2 - 3*k + 3. Let g be x(q). What is the highest common divisor of g and 3?
3
Let w(z) = -z + 45. Let a be w(-11). What is the highest common factor of a and 21?
7
Let w be 2 - (-2 - -1 - -16). Let k = -13 - w. Suppose 2*v - 23 - 19 = k. What is the greatest common factor of v and 3?
3
Suppose 2*z + 0 = -m - 1, -2*z - 3 = -m. Suppose 2*r = 5*r + 12. Let o = r + 6. What is the highest common factor of m and o?
1
Suppose 0 = 5*h + 3*k - 56, -h + k = -2 - 6. Let c = h + 18. What is the greatest common factor of 56 and c?
28
Suppose 290 = 8*g + 242. What is the greatest common divisor of g and 384?
6
Let q(z) = 2*z**2 + 4. Let o(x) = -x**3 + 6*x**2 + 8*x - 9. Let y be o(7). Let k be q(y). What is the highest common factor of 132 and k?
12
Suppose -3*r = -28*q + 29*q - 543, q - 533 = -r. What is the greatest common divisor of 48 and q?
48
Let j(h) = -18*h + 80. Let g be j(-5). Calculate the greatest common factor of 40 and g.
10
Suppose -13*h - 112 = -20*h. What is the highest common factor of h and 240?
16
Let v be (15/(-6))/(1/(-2)). Let h(p) be the third derivative of p**4/24 - p**3/2 - 19*p**2. Let k be h(v). What is the highest common factor of k and 10?
2
Suppose 763*w = 760*w + 84. Let x be ((-1)/2 + 0)*6. Let t = 4 - x. What is the highest common factor of t and w?
7
Let g(h) = h**3 + 3*h**2 - 5*h - 2. Let r be g(-4). Let y be r/(4/(-10))*702/(-390). Calculate the highest common factor of y and 36.
9
Suppose -3*n - 5 - 6 = 4*q, -2*q - 23 = 5*n. Let c be -2 + 0 + 1 + q. Suppose -j + 0*j + 32 = c. Calculate the greatest common divisor of j and 16.
16
Let u = -821 - -827. Calculate the greatest common factor of 33 and u.
3
Let n be (-2 - -4)/1*404. What is the greatest common divisor of 8 and n?
8
Let d(h) = -3*h. Let l be d(-3). Let p(b) = -b + 7. Let k be p(3). Let j be (12/5)/(k/120). Calculate the greatest common divisor of j and l.
9
Let o = 50 - 45. Suppose -o = r - 10. What is the highest common factor of r and 55?
5
Suppose 2*n + 2 = 0, -4*m - 6*n + 2*n - 4 = 0. Let k be 144 + -1 + (m - -2). What is the highest common factor of 58 and k?
29
Suppose -2*q = -4*r - 34, 6*q - 4*r - 60 = 2*q. Let m = -54 + 197. What is the greatest common factor of q and m?
13
Let l(t) = t**3 - 28*t**2 + 2*t + 205. Let g be l(28). Calculate the highest common factor of g and 145.
29
Let m(c) = 2*c**2 + 44*c + 40. Let r be m(-22). Calculate the greatest common divisor of 16 and r.
8
Let k(o) = 10*o + 1145. Let x be k(50). Calculate the highest common factor of x and 14.
7
Suppose 4*b - 6*w - 275 = -w, -4*b - 2*w + 310 = 0. What is the highest common factor of 975 and b?
75
Suppose -4*r = -4*u - 5876, 5*r - u = 7079 + 246. Calculate the highest common factor of r and 48.
24
Let i = 118 - 166. Let z = 0 - i. What is the greatest common factor of 12 and z?
12
Let v = -1128 + 1198. Let c = -7 + 21. Suppose -4*z + c + 14 = 0. What is the greatest common factor of z and v?
7
Let y(r) = -4*r - 13. Let o be y(-4). Let i be (-41)/(-2) + (-5)/(10/o). What is the greatest common divisor of 95 and i?
19
Let h(p) = p**2 + 4*p + 11. Let g be h(-3). Suppose 3*v - z = g, 0*z + 13 = 3*v + 4*z. What is the highest common divisor of 57 and v?
3
Let t(a) = 7*a**2 - 5*a + 8. Let v be t(6). Suppose -3*x - 38 = 340. Let m = x + v. Calculate the highest common factor of 13 and m.
13
Suppose -63*a + 61*a - 96 = 0. Let k(z) = z**3. Let v be k(-1). Let c be 2 - a/(4 + v). What is the highest common divisor of 2 and c?
2
Let i be (-1)/(-5) + (-1960)/(-200). Let h be 1/((-1)/1) + 51. What is the highest common factor of h and i?
10
Suppose -r - r + o + 128 = 0, -192 = -3*r + 4*o. What is the greatest common factor of 224 and r?
32
Suppose 18 = -3*b + 2*v, 2*b + 3 = -v - 2. Let x = b - 13. Let y = 41 + x. Calculate the highest common factor of y and 12.
12
Suppose -9892 = -4*v - 2*o, 4*v - 12391 = -v + 4*o. What is the highest com